{"id":24,"date":"2016-03-07T09:38:07","date_gmt":"2016-03-07T09:38:07","guid":{"rendered":"http:\/\/tbtanacsadas.hu\/?page_id=24"},"modified":"2025-04-10T18:46:39","modified_gmt":"2025-04-10T18:46:39","slug":"arak","status":"publish","type":"page","link":"http:\/\/tbtanacsadas.hu\/\/arak\/","title":{"rendered":"\u00c1rak"},"content":{"rendered":"<p>2025. m\u00e1jus 1.-t\u0151l a tan\u00e1csad\u00e1s d\u00edja 30.000 Ft \/ alkalom<\/p>\n<p><strong>1,\/ Telefonon t\u00f6rt\u00e9n\u0151 tan\u00e1csad\u00e1s:<\/strong><\/p>\n<p>Alapd\u00edj: 30.000,- Ft\/ alkalom<\/p>\n<p>(a d\u00edjat el\u0151re a tan\u00e1csad\u00e1sig kell \u00e1tutalni, visszaigazol\u00e1st k\u00f6vet\u0151en)<\/p>\n<p><strong>2,\/ \u00dcgyint\u00e9z\u00e9s kiz\u00e1r\u00f3lag budapesti korm\u00e1nyhivatalokban:<\/strong><\/p>\n<p>15.000,- \u00e9s 25.000,- Ft k\u00f6z\u00f6tt az \u00fcgyint\u00e9z\u00e9s fajt\u00e1j\u00e1t\u00f3l \u00e9s sz\u00e1m\u00e1t\u00f3l f\u00fcgg\u0151en.<\/p>\n<p>(egyeztet\u00e9s\u00fcnk sor\u00e1n pontos \u00f6sszeget fogok megjel\u00f6lni illetve t\u00e1j\u00e9koztatlak az \u00fcgyint\u00e9z\u00e9s menet\u00e9r\u0151l)<\/p>\n<p><strong>V\u00e1llalkoz\u00e1som alanyi \u00c1FA mentes, \u00edgy a felt\u00fcntetett d\u00edjakat tov\u00e1bbi k\u00f6lts\u00e9g nem terheli.<\/strong><\/p>\n","protected":false},"excerpt":{"rendered":"<p>2025. m\u00e1jus 1.-t\u0151l a tan\u00e1csad\u00e1s d\u00edja 30.000 Ft \/ alkalom 1,\/ Telefonon t\u00f6rt\u00e9n\u0151 tan\u00e1csad\u00e1s: Alapd\u00edj: 30.000,- Ft\/ alkalom (a d\u00edjat el\u0151re a tan\u00e1csad\u00e1sig kell \u00e1tutalni, visszaigazol\u00e1st k\u00f6vet\u0151en) 2,\/ \u00dcgyint\u00e9z\u00e9s kiz\u00e1r\u00f3lag budapesti korm\u00e1nyhivatalokban: 15.000,- \u00e9s 25.000,- Ft k\u00f6z\u00f6tt az \u00fcgyint\u00e9z\u00e9s fajt\u00e1j\u00e1t\u00f3l \u00e9s sz\u00e1m\u00e1t\u00f3l f\u00fcgg\u0151en. (egyeztet\u00e9s\u00fcnk sor\u00e1n pontos \u00f6sszeget fogok megjel\u00f6lni illetve t\u00e1j\u00e9koztatlak az \u00fcgyint\u00e9z\u00e9s menet\u00e9r\u0151l) V\u00e1llalkoz\u00e1som [&hellip;]<\/p>\n","protected":false},"author":1,"featured_media":0,"parent":0,"menu_order":0,"comment_status":"closed","ping_status":"closed","template":"","meta":[],"_links":{"self":[{"href":"http:\/\/tbtanacsadas.hu\/\/wp-json\/wp\/v2\/pages\/24"}],"collection":[{"href":"http:\/\/tbtanacsadas.hu\/\/wp-json\/wp\/v2\/pages"}],"about":[{"href":"http:\/\/tbtanacsadas.hu\/\/wp-json\/wp\/v2\/types\/page"}],"author":[{"embeddable":true,"href":"http:\/\/tbtanacsadas.hu\/\/wp-json\/wp\/v2\/users\/1"}],"replies":[{"embeddable":true,"href":"http:\/\/tbtanacsadas.hu\/\/wp-json\/wp\/v2\/comments?post=24"}],"version-history":[{"count":16,"href":"http:\/\/tbtanacsadas.hu\/\/wp-json\/wp\/v2\/pages\/24\/revisions"}],"predecessor-version":[{"id":315,"href":"http:\/\/tbtanacsadas.hu\/\/wp-json\/wp\/v2\/pages\/24\/revisions\/315"}],"wp:attachment":[{"href":"http:\/\/tbtanacsadas.hu\/\/wp-json\/wp\/v2\/media?parent=24"}],"curies":[{"name":"wp","href":"https:\/\/api.w.org\/{rel}","templated":true}]}}